 - (-5 + (-3 - -2))
-2
Evaluate 0 - -1 - (-5 + (10 - 1)).
-3
Calculate 3 - (3 + -6 + 4).
2
4 + (-1 - 5) + -4 + 0
-6
Evaluate (-4 - (0 - 9)) + -5.
0
Evaluate 2 + 0 + (1 - 1) + -2.
0
Calculate 3 + -3 - (-18 - 0 - -11).
7
Evaluate 3 + 0 - 6 - -9.
6
Calculate 10 - -3 - (4 - 0).
9
What is the value of -3 + -1 + 0 + (1 - 2)?
-5
What is 7 - ((-7 - -4) + 7 - -3)?
0
What is -15 - (-3 + -11) - (1 - 2)?
0
Evaluate (-8 + 4 - 4) + 4 + 1.
-3
What is -2 + 4 + 0 - 0?
2
Calculate -1 - -6 - (6 + -2).
1
Evaluate -2 + 1 + 2 - (0 - 5).
6
-6 + 2 - (-5 - -3)
-2
What is -5 - (-3 - (4 - 11 - -2))?
-7
(-4 - -2) + -4 - (-4 + 1)
-3
Calculate 1 + (2 - 0) + 1.
4
What is 4 + 5 + (-7 - 0)?
2
-7 + 4 + -2 - -3
-2
Evaluate -9 + 10 + -2 + 6 + -2.
3
Evaluate 2 + (-20 + 7 - -5) + 5.
-1
Calculate (-6 - -1 - -8) + -1 + -2.
0
Calculate 9 + 10 + -3 + 0 + -7.
9
What is 9 + -17 + (4 - 1) - 1?
-6
Evaluate 2 + -7 - (-5 - 1).
1
Evaluate 0 - 6 - (-7 + 8) - -8.
1
What is the value of (1 - -7) + 3 + -8?
3
What is -24 + 29 + (0 - 3)?
2
Evaluate 252 + -253 - (0 - -1).
-2
Calculate -15 + 15 - (0 - -4).
-4
What is the value of -4 + 3 - (-26 + 18)?
7
What is the value of 1 + (-2 + 12 - 20)?
-9
Evaluate -1 + 11 + (-10 - 11).
-11
-2 - -4 - (0 + 2)
0
What is the value of -11 + 4 + -1 + -5 + 12?
-1
What is the value of 7 - (-1 + 0 - -2)?
6
-23 + 8 + (8 - -18)
11
150 + -156 - (0 + 1)
-7
-7 + (3 - 0) + 3
-1
(-3 + (3 - 2) - -6) + 1
5
Calculate -4 + 1 - (6 - 7).
-2
Evaluate (-11 - -11) + 1 + 0.
1
3 + (-4 - -6) - 7
-2
What is the value of 10 + -9 + 1 + 3 - 0?
5
Calculate 10 + -1 - (34 + -30).
5
Evaluate (1 - -2) + 1 + 3 + -5.
2
Evaluate -7 + 4 + 0 + (2 - 2).
-3
What is (-6 - (1 - -2)) + 4?
-5
Evaluate 3 - (8 + 2 - (1 + 2)).
-4
Evaluate -6 + 16 + -10 - 5.
-5
Calculate (-22 - 0) + 48 + -35.
-9
Calculate -1 - (5 + 0) - (-121 + 114).
1
Evaluate (3 - 0) + (-19 - -15) - -3.
2
What is the value of (-7 - -6) + -9 - (0 - 3)?
-7
What is -1 + 0 + 0 + 1?
0
What is the value of (-15 - -11) + (1 - -2)?
-1
What is -139 + 130 - (1 + -2)?
-8
(-5 - (1 - 2 - 9)) + -9
-4
What is the value of (0 - 1) + 21 + -21?
-1
What is (-10 - -5) + -1 - -4?
-2
Calculate 1 - ((0 - 4) + (-15 - -19)).
1
What is (-6 + 4 - -3) + 0?
1
(2 - 0) + -3 + 6 - 4
1
What is the value of -3 - 2 - (-2 - 9 - -3)?
3
-1 + 3 - (-3 - (3 + -3))
5
Calculate 4 + 2 + (3 + -6 - 6).
-3
Evaluate 4 - (9 - (5 + (2 - 5))).
-3
Calculate 0 + 10 + -4 + -3.
3
Evaluate -2 - (3 + -7 + (4 - -3)).
-5
Calculate 12 + -19 - (1 - 1).
-7
8 + -7 + 2 + -1
2
What is 3 + (0 - (10 - 5))?
-2
What is the value of 0 - (-2 - -1) - (-7 + 10)?
-2
What is -32 + 27 - (0 - 0)?
-5
Evaluate -16 + 11 - (-2 + -1).
-2
Evaluate 0 + (5 - (8 + -1 + 2)).
-4
Evaluate (2 - 3) + 9 - (-114 - -118).
4
What is the value of -4 - (-26 + 18 + 1 + 3)?
0
What is 0 + -3 + (5 - (6 - 0))?
-4
What is (-1 - -2) + -2 - 2 - 3?
-6
Calculate 15 + -5 + -3 - 11.
-4
What is the value of -8 + 6 + -6 + 11?
3
0 + 4 + -7 + 8
5
-2 + -3 - (13 - 10)
-8
What is the value of -7 + 4 + -5 + 3?
-5
5 - 6 - (-1 - -2 - -4)
-6
(0 - (-5 + 1)) + -2
2
What is 5 - (-4 + 5 - -6)?
-2
Evaluate 2 + 5 - (3 + -1).
5
Evaluate 1 + 4 - (-2 + 3) - 5.
-1
(0 - -2) + (-5 - 0)
-3
What is the value of (1 - -1 - (-4 + 6)) + -2?
-2
Calculate -2 + (0 + -1 + 1 - -3).
1
3 + -2 + -1 + 14 + -18
-4
What is the value of 6 + -4 + -1 + -6?
-5
Calculate 1 - (1 - (-6 + 4)).
-2
Evaluate -5 - -6 - 7 - (-7 - -3).
-2
Calculate 6 + -7 - (6 + -15).
8
What is the value of 10 - (4 + -2) - (-163 + 172)?
-1
Calculate 5 - (-12 + -1 + 11).
7
3 + -19 - (5 - 11) - -9
-1
Calculate 0 + 2 + -4 + 4.
2
What is the value of 0 + (-1 - -4) - 2?
1
Calculate -1 + -2 - (-8 - -4).
1
What is -1 - (-3 - (-3 + 5))?
4
Calculate (0 - -3) + -1 + 4 + -9.
-3
What is 6 + 6 + -4 + -3?
5
Evaluate 5 + -7 - (0 - 4).
2
What is 13 + -10 - (-13 + 1 - -5)?
10
What is the value of 5 - (5 + (11 - 9))?
-2
What is -20 - -18 - (1 + 0)?
-3
Calculate 5 + 2 + 2 + -4.
5
Calculate (-10 - -10) + (0 - 2).
-2
-12 - (-9 - (-9 + 10))
-2
What is the value of -4 + (6 - -2) - 5 - -2?
1
-1 - (3 - (5 - -3))
4
Calculate 1 - (1 + 0 + 2) - -5.
3
What is 4 - -2 - (10 + -4)?
0
1 + (4 - (9 - -2)) - -4
-2
Calculate -3 + 0 + 0 - (-63 - -68).
-8
What is the value of -5 + (5 - (-1 + 4))?
-3
11 + -3 - 3 - (-30 - -28)
7
5 - (0 + (4 - -3))
-2
What is -1 + 1 - (9 - 9 - -1)?
-1
(-7 - (-6 + -4) - 5) + 6
4
Evaluate -8 - (-5 - (-4 + 11)).
4
Evaluate -3 - (2 - 4 - 4).
3
6 + -7 + 10 - 9
0
Evaluate 7 - ((8 - -1) + -8).
6
Evaluate 2 - -2 - (-3 + (-1 - -5)).
3
What is the value of -12 + 23 - (2 + 5)?
4
Evaluate 0 - (-2 - (-5 - (3 - 3))).
-3
7 + -12 + 14 - 11
-2
6 - (5 - -6) - -7 - -5
7
Evaluate 7 + -9 + (5 - 3).
0
Evaluate 5 + (-2 - (2 + 2 + -2)).
1
Evaluate -6 + 5 + (-5 - -3).
-3
What is the value of 1 - (-2 + -2 + 4)?
1
2 + 7 + (1 - 6 - -1)
5
Evaluate -4 + (-3 + 8 - 2).
-1
Calculate -4 - -7 - (2 - 2).
3
What is the value of (0 - 3 - 3) + (9 - 9)?
-6
(-1 - -7 - 6) + 11 + -3
8
Evaluate 2 + -9 + (8 - 5).
-4
Evaluate 2 - 2 - (5 + -3).
-2
-3 + 2 + 4 + 2 + 0
5
What is the value of (2 - 1) + (-2 - (-3 - -3))?
-1
What is 4 + (4 + -9 - -9) + -2?
6
What is the value of (-5 - -5 - 4 - 1) + 2?
-3
Evaluate 2 + 2 + -2 + 2.
4
What is the value of -1 + -2 - (-127 + 116)?
8
Evaluate 4 + -15 + -1 + 11.
-1
(3 - 3) + -3 + 1 - 0
-2
1 - 6 - (-2 + -2)
-1
39 + -13 - 12 - 15
-1
What is 9 - (-10 + 8) - 16?
-5
What is (-1 - 1) + 3 - (5 + -2)?
-2
Evaluate 18 + -17 - (5 + 0).
-4
Evaluate 0 - ((-8 - -5 - -8) + -2).
-3
What is -1 - (1 - 2) - (-24 + 23)?
1
What is the value of -8 + 3 + -3 + 3?
-5
What is the value of -5 + 0 - -2 - -2?
-1
Evaluate -4 + 8 + (-6 - 0).
-2
Calculate -6 - (5 - 8 - 2).
-1
Calculate (-5 - -1) + -2 - -8.
2
Evaluate 7 + 11 + -6 + -7.
5
What is (-4 - -8) + 2 + -1 + -4?
1
-25 + 27 + -2 + 0 + -1
-1
Calculate (-4 - (-15 + 6)) + (-1 - 3).
1
Evaluate 0 + 6 - (2 - (5 - 8)).
1
What is the value of 1 - (-2 + 5) - (-3 + 2)?
-1
Evaluate -5 + (1 - 2) + -2 + 3.
-5
19 + -3 - (-32 - -41)
7
Evaluate (-122 - -107) + 8 + -1.
-8
15 + -20 + 15 + -1
9
What is (0 - -5) + -2 + 3 - 1?
5
What is the value of (1 - 4) + -4 + 3?
-4
-3 - (4 - (2 + (3 - 2)))
-4
Calculate 6 + -2 + -6 + -5.
-7
What is the value of 11 + -11 + (0 - 0 - 2)?
-2
Evaluate -5 + (-3 - -6) + -1 + 0.
-3
2 + -3 + (-4 - -6)
1
What is the value of 7 + (0 - (4 - (-2 + 4)))?
5
Evaluate -3 + (3 + 3 + -8 - -2).
-3
(-4 - (3 - 2)) + (-2 - -12)
5
What is the value of -7 - -8 - (2 + -1)?
0
What is the value of 0 - (-8 + -5 + 10 + -5)?
8
-32 + 52 - (14 - 1)
7
What is the value of -2 - (15 - 7) - -14?
4
Evaluate 4 + (-7 + 11 - 6).
2
What is the value of (0 - -1) + (0 - (-3 - -1))?
3
What is (-2 - -6) + (-2 - 6) + 9?
5
-7 + 0 + 4 - -5 - 7
-5
Calculate -1 + 4 + -25 + -5 + 17.
-10
What is 17 + -11 - (5 - -3)?
-2
Evaluate -4 + (3 - 6) + (2 - 0).
-5
Calculate (-8 - -1) + (14 - 14) + 0.
-7
Evaluate -10 + -3 + 10 + 5.
2
What is the value of -5 + 2 + (-5 + 5 - 1)?
-4
What is the value of 3 + (9 - 5) + -1?
6
What is 1 - (-2 - (0 + -1))?
2
What is the value of 13 + -4 + -3 + -5?
1
What is the value of 1 + 5 + (3 - 10 - -5)?
4
What is the value of (9 - 4) + -1 + -2?
2
(10 - 8) + (2 - 0)
4
Evaluate 1 - (-5 - (5 + 0 + -14)).
-3
What is the value of 1 + (0 - -3) - 5?
-1
Calculate (-3 - -4) + -2 + 2 - -3.
4
Evaluate 4 - (0 + 8) - (0 - 0).
-4
What is the value of -8 + 16 + (1 - 8)?
1
Calculate 4 + -12 + (-7 - -8).
-7
Calculate 5 + 1 + (-13 - (-9 + 8)).
-6
1 + -1 + (2 - -6) + -14
-6
What is -5 - (-7 - (-1 - 3))?
-2
What is the value of (6 - 5 - 1) + 5 + 1?
6
Calculate (-23 - -16) + (6 - 2).
-3
-5 - (-5 - (-1 + -7 - 0))
-8
Evaluate -1 - (2 + 0 + 2).
-5
(7 - 4) + -2 + -4 + -2
-5
Calculate 5 + 0 - (7 + -6 + 0).
4
Calculate 6 + -1 + -3 - (1 - -6).
-5
What is the value of 0 + 1 - (-13 + 14)?
0
0 + 0 + 0 + (-63 - -68)
5
What is the value of 1 - (2 + (3 - 12) + 5)?
3
-9 + -5 + 20 + -1
5
What is 1 + (-5 - -1) - 2?
-5
Calculate (-2 - 0 - 2) + 4 - -1.
1
Calculate -14 + 14 + 8 - -2.
10
Calculate 8 - (16 + (-8 - 0)).
0
What is the value of (2 + 7 - 2) + -31 + 28?
4
Evaluate -9 - -2 - ((7 - 2) + -7).
-5
Evaluate 0 - 1 - (-9 - -2 - -1).
5
-8 - ((5 - 6) + -2)
-5
What is the value of 8 - (4 + 2 + -3)?
5
What is 1 - 1 - (3 + 2 - 5)?
0
What is 1 + (6 - 4) - (-2 + 2)?
3
What is 78 + -74 + (1 - (-1 + 0))?
6
What is -3 + 6 + -7 - (15 + -20)?
1
What is 0 + -7 + (10 - 7 